 -8)).
49
What is the value of 12 - (17 + -31 + -13 + 7 + 0 + -15)?
47
What is the value of (89 - ((-7 - (-13 + 14)) + -4)) + 11?
112
Evaluate -8 + 16 + -56 + 43 + (60 - 2).
53
What is the value of 24 + (24 + -21 - 7 - (-2 + -1))?
23
Evaluate (-7 - -20) + (-61 - 0) - (2 + 6).
-56
What is the value of -40 + 90 + -39 + 57 + -12 + 0 + -1?
55
-22 - (15 + (-31 - 5)) - (17 + 1 - 0)
-19
127 + (-176 - -131) - (13 - -1)
68
Calculate (-46 - -1) + (-283 - -281 - (1 + 3 + 3)).
-54
Calculate -56 - (-6 - (1 - -6 - 7)).
-50
What is -7 + 14 + -1 - (-3 - (9 - 16 - 1))?
1
-17 + (80 - (1 + 2 - (51 - 50)))
61
67 + (-8 + 0 - (121 - 118)) - -9
65
What is (7 - 17) + -26 - -24?
-12
What is -58 + (-141 - (126 + -218))?
-107
Calculate 9 + 20 + -41 + -4 + 2.
-14
Calculate 79 + -8 + -11 + (-3 - (-3 + 13)).
47
What is the value of 23 + -6 + (-122 - (9 + (-5 - 24)))?
-85
Evaluate 369 - 418 - (-4 - (-2 + 0 + 9) - 1).
-37
81 - ((-41 + 4 - 0) + 5)
113
65 - (4 + (21 + 3 - 13)) - (4 - 8)
54
What is (97 + -106 - (1 - (-2 + 6))) + -6?
-12
Calculate (42 + -29 - (2 + -25)) + -18.
18
(-1 + -23 - -1) + (2108 - 2112)
-27
What is -17 + 3 + 14 + 40 + -104 - 0?
-64
Evaluate -1 + 85 - (9177 + -9003).
-90
What is -28 + (-23 - -26) + (9 - 8) + 0 + -1?
-25
Evaluate (-5 - 7) + 5 + 11 + -1 + 13 + 10.
26
Evaluate (26 - (43 - -58)) + (4 - 7 - -20).
-58
Calculate (-1 - -1) + (-198 - -178 - (-2 - 13)).
-5
(-3 - -31) + -137 + -4 + 30
-83
Evaluate 26 - (19 - 12) - (5 - 13) - -13.
40
Evaluate -2 + 5 + 1 + (56 - (57 - 103)).
106
What is the value of 11 - (-10 + (62 - 5)) - 5?
-41
Calculate (-385 - -396) + (1 + -2 - 23).
-13
What is the value of (3 - (-32 + 6 + 26)) + 2 + 56 - 12?
49
Evaluate -51 + -20 + 9 - ((-6 - 1) + 19 + -16).
-58
(-2 - (-67 - -2)) + (96 - (-4 + 101))
62
What is the value of -30 - (1 + -2 + (1660 - 1644))?
-45
What is the value of -72 + 77 + (-4 + 6 - 1) - 115 - -13?
-96
What is the value of (-30 + 34 - 54) + 20?
-30
Evaluate (0 - 4 - -14) + (-5 - -4) - 1.
8
Evaluate -27 + (126 - (-29 - -57)).
71
What is 3 + (-32 - -59) - 20?
10
What is -77 - (5 + (-6 - -6 - (32 + -14)))?
-64
Evaluate 121 + -17 + (-5 - -8 - 22).
85
-2 - 14 - (68 - 57) - -40
13
What is -107 + 12 - -10 - 2 - -14?
-73
What is (88 + 9 - 100) + 60?
57
Calculate (-27 - 111 - -28) + 51.
-59
Evaluate -10 + (-1 + (-1 - (-10 + 51)) - -9).
-44
What is (1 + 2 - (20 - 3)) + (4 - 30) + 128?
88
What is the value of 0 + 45 + (525 - 546) + 37?
61
What is the value of 23 - (43 - (-11 + -6))?
-37
Calculate -20 - (-335 + 317 - (47 - -1)).
46
Calculate 90 - (15 + -34 + 38).
71
0 + -27 - (111 + -116 + (3 - -4) + -5)
-24
390 + -366 + 2 + (-5 - -21)
42
What is (75 - (207 + -22)) + 113?
3
What is 2201 + -2165 - (66 + 0)?
-30
What is the value of 12 - 7 - 2 - (-224 + 193)?
34
What is the value of 47 + -40 + 89 - (-2 - (6 + -2) - 0)?
102
-25 + (49 - 46) + -3
-25
Evaluate -24 + 57 + -35 + -11.
-13
Calculate 38 + 1 + (-23 - -48 - 56 - -32).
40
Evaluate 27 + (-37 - 3) - -61.
48
21 + -101 + -40 + -8
-128
Evaluate -4 + (0 - 0 - (-73 + 76)) + -4 - -67.
56
Calculate -32 - -61 - (4 + -141 - -38).
128
Evaluate 13 + (-16 - (8 - 6)) + -12.
-17
1 + -16 - -11 - (23 + 0 + -3)
-24
-15 + -14 - (-79 - -70)
-20
What is 2 + -2 + -11 + (1 - -2) + 74 + -78?
-12
What is 9 + 55 + (-10 + -10 - 3)?
41
Calculate ((31 - 31) + 42 - (0 - -2 - 4)) + 8.
52
Calculate 2 - (-96 + -9 - -79 - (-1 - (0 + -9))).
36
-33 - (-49 + -52 - -63)
5
Calculate 45 - (29 - 0 - (-36 + 52)).
32
Calculate 33 + -13 - (-8 + 0 + 7 + 10 + -8).
19
Evaluate (-3 - (-15 - (18 - 20))) + (-4 - -3) - 9.
0
Evaluate 0 - -1 - ((-1 - (-1 + 81)) + (-510 - -517)).
75
What is (-109 - -92) + 20 - (1 + (3 - -61))?
-62
3 - 22 - (107 + -41 - 43)
-42
What is -317 - -274 - (2 + (-7 - -25))?
-63
Calculate 80 + -80 + (14 + 1 - (-4 + 7 + -1)).
13
Calculate -22 + 22 - (-8 + 10 + 1 + -4).
1
83 + 136 + -58 + -198
-37
Calculate (9 - -35 - 39) + 29.
34
Evaluate -16 + -8 + 9 - (-5 - -9 - -3).
-22
26 - 36 - ((-6 - 4) + (12 - 13))
1
What is (39 - (-19 + 28) - 11) + 41?
60
Evaluate (3 - 0 - -60) + -1625 + 1612.
50
Evaluate 10 + (-13 - 11) - (-3 + (15 - 1)).
-25
What is -75 - (17 + (9 - (12 - 3)) + -29)?
-63
What is the value of 26 - (-20 - (-15 + -17)) - 18?
-4
Evaluate -79 + 44 + (53 - 26).
-8
What is the value of -15 + (91 - 83 - (-22 + -1)) + -27 - -50?
39
What is 182 + -170 - (2 - (14 + 5)) - 3?
26
What is 8 + (-1 - -10) + (-36 - 29) + 48?
0
-28 + 24 + 9 + -6 + -13 + 59
45
What is (-40 - (-9 - -8)) + (2 + -9 - 1)?
-47
What is -74 + (76 - 102) + 127?
27
What is the value of -5 + (101 - 0 - ((66 - 26) + -23))?
79
(61 - (121 - 46)) + -14
-28
Evaluate (-274 - -280) + 7 + -10 + (2 + 0 - 0).
5
-33 + -11 + 49 + 25
30
What is the value of 20 + -91 + 89 + 2 + -18 - 80?
-78
Calculate -11 - (6 + 1 + (20 - 9) - 10).
-19
Evaluate (216 - 102) + -9 + -1.
104
(-2615 - -2620) + (5 + 29 - (1 - 2))
40
What is 1 + (-4 - 0) - ((33 - 9) + 13 + -14)?
-26
Evaluate 1 + 129 + 226 + -493 + 220.
83
What is the value of -1 + -7 + (70 - (39 - -12)) + -9 + 9?
11
Calculate -22 + 19 + -35 + -9 + 28.
-19
-31 + (47 + 19 + -18 - 40)
-23
Calculate -60 - (-29 + (-13 - 35)).
17
Calculate (-25 - 9) + 10 - (-69 + -75) - (0 - -1).
119
1 - -7 - (-8 + 17 + -70 - (-20 - -3))
52
What is 30 + -7 + (-61 - -59)?
21
Evaluate 110 - (5 + (-2 - (-2 + -9 + 13))) - 0.
109
Evaluate (249 - 253) + (4 - (-4 + 3)).
1
What is the value of (-195 - (-37 - 57)) + 10?
-91
(-16 - (-33 - -15)) + 63 + -22
43
What is the value of -17 + -88 - ((-20 - -24) + -11 - 11)?
-87
Calculate (3 - 14) + 6 - (19 + 20 + -37 + 0).
-7
Evaluate (181 - 174 - (-1 + -1 - -4)) + 33 - 0.
38
What is -14 + -37 + 7 + 5?
-39
-29 + (9 + -27 - -101)
54
Evaluate (-6 - 138) + (-97 - -256).
15
What is the value of -5 + 148 - (682 + -622)?
83
What is the value of -5 + (-37 - -40) + (1 - 0) - 12?
-13
(-1 - 2 - 4 - -10) + -4
-1
Evaluate 4 - -48 - (-1013 + 1044).
21
Evaluate 12 - (-15 + -75 + 131).
-29
What is the value of (-24 + 11 - -7 - 83) + -16 + 3?
-102
What is the value of 3 - (4 + -16) - (15 + -20) - -17?
37
Calculate 29 + (2 - (12 + 3 + 12)).
4
Calculate 1324 + -1086 - (107 - -21).
110
Evaluate (-28 + 63 - 10 - 18) + 0 + 24.
31
Calculate -17 + (23 - -25 - (20 - -8)).
3
What is (12 - 5) + 11 + (-118 - -55)?
-45
Evaluate (6 - 3) + 2 - ((672 - 794) + (42 - 2)).
87
-14 + 36 + (30 - -15) + -155
-88
Evaluate -93 - (56 - 32) - -79.
-38
What is -2 + 0 - (15 - (1 - -1) - (-13 + 0))?
-28
Calculate (-2 - 15) + (-33 - -41) + (105 - 60).
36
What is the value of 10 + -2 - (-97 - -95 - 38)?
48
1 + (3 - 35 - (2 + -3)) + 2
-28
Calculate -109 + 102 - 46 - (-1 + -14).
-38
What is the value of (12 - 23 - -9) + -1 + (-15 - -8)?
-10
What is the value of -26 + (11 - (-17 - (11 + -26))) - 13?
-26
-7 + 16 + -13 + -15 - -16
-3
-19 + -91 + 130 + -1 + -18
1
What is the value of (-6 - -21) + (11 - 0) + (-25 - (-12 + -12))?
25
Calculate (3 + -11 + 9 - (3 + -9)) + 39 + 2.
48
Evaluate (29 - 74) + 69 + 50.
74
-32 + 18 + 107 - 112
-19
Evaluate (-2 - -33) + (-1 + -3 - (-32 - (58 + -84))).
33
Calculate 48 + (82 - 54) + -57.
19
Evaluate (-43 - -34) + (3 - (-3 - 1)) - 1.
-3
Evaluate -14 - (-3 + 11 + (-62 - -45)).
-5
Evaluate (-5 - 39) + 16 - (10 + -1 + -8 + 8).
-37
Evaluate (0 - -6) + -39 + 38 + -72 + 42.
-25
Calculate 33 - -1 - (-546 + 243 + 290).
47
14 - (0 - (-9 + 4)) - (-23 + -9)
41
What is -60 + (28 - (37 + -12)) - (-14 - -1)?
-44
What is 0 + 22 + -14 + (-74 - (-6 - 9))?
-51
What is 8 + 11 + -75 + 7 + (-40 - -42)?
-47
Evaluate (-11 + -5 + 7 - 2) + (-88 - -91).
-8
Evaluate (51 - 22) + -11 + -44.
-26
What is (-18 - -28) + (-7 - (9 + (6 - 25))) + 24?
37
Calculate -8 + (-2 + 18 - 2) - 58.
-52
8 - (21 - (-14 - (-46 - (-22 + 4))))
1
What is the value of 4 + -5 + 22 - (-64 - -119) - (0 - 14)?
-20
51 - (-53 + 47) - 30
27
19 - (28 + -21 + 27) - -23
8
What is the value of 22 + 38 + (-32 - -9)?
37
Calculate -1372 - -1443 - (2 - (1 + -16)) - 5.
49
Evaluate -8 - ((-3 - -15) + 14 + -16 - -1).
-19
Evaluate 10 - 3 - -2 - (6 - -2) - 66.
-65
Evaluate (-312 - -130) + 158 + (93 - -1).
70
Calculate (-21 - (-33 - -12)) + (-9 - -4).
-5
Calculate -121 + 90 - (0 - 21) - 69 - -3.
-76
Calculate (2 - 59) + 39 + (92 - -1).
75
(1 - -8) + -34 + 28 + 12 - (-7 - -14)
8
Evaluate -127 - (-121 + 6) - (-64 - 2).
54
What is the value of 9 - 0 - 32 - (-25 + 28)?
-26
Calculate (-1 - -